 4778.
2, 2389
What are the prime factors of 492?
2, 3, 41
List the prime factors of 1147.
31, 37
What are the prime factors of 1108?
2, 277
What are the prime factors of 104228?
2, 71, 367
List the prime factors of 12048.
2, 3, 251
What are the prime factors of 14385?
3, 5, 7, 137
What are the prime factors of 86230?
2, 5, 8623
List the prime factors of 1193.
1193
List the prime factors of 22275.
3, 5, 11
What are the prime factors of 2233?
7, 11, 29
List the prime factors of 2160.
2, 3, 5
What are the prime factors of 13954?
2, 6977
What are the prime factors of 733?
733
What are the prime factors of 1368?
2, 3, 19
List the prime factors of 62191.
62191
List the prime factors of 10442.
2, 23, 227
What are the prime factors of 2189?
11, 199
What are the prime factors of 4793?
4793
List the prime factors of 985.
5, 197
List the prime factors of 47017.
47017
What are the prime factors of 5435?
5, 1087
What are the prime factors of 41047?
41047
What are the prime factors of 1964?
2, 491
List the prime factors of 205374.
2, 3, 13, 2633
List the prime factors of 79.
79
List the prime factors of 75493.
11, 6863
List the prime factors of 10321.
10321
List the prime factors of 61989.
3, 20663
What are the prime factors of 105?
3, 5, 7
What are the prime factors of 618?
2, 3, 103
List the prime factors of 158.
2, 79
What are the prime factors of 3724?
2, 7, 19
What are the prime factors of 45451?
7, 43, 151
List the prime factors of 460.
2, 5, 23
What are the prime factors of 23504?
2, 13, 113
What are the prime factors of 81?
3
What are the prime factors of 6905?
5, 1381
List the prime factors of 7245.
3, 5, 7, 23
What are the prime factors of 1421?
7, 29
What are the prime factors of 1192?
2, 149
What are the prime factors of 346?
2, 173
List the prime factors of 1767.
3, 19, 31
What are the prime factors of 20743?
20743
What are the prime factors of 234?
2, 3, 13
What are the prime factors of 24058?
2, 23, 523
What are the prime factors of 38333?
38333
List the prime factors of 2738.
2, 37
List the prime factors of 25819.
25819
List the prime factors of 15.
3, 5
What are the prime factors of 11524?
2, 43, 67
What are the prime factors of 32?
2
What are the prime factors of 5686?
2, 2843
What are the prime factors of 102391?
17, 19, 317
List the prime factors of 1475.
5, 59
What are the prime factors of 3942?
2, 3, 73
What are the prime factors of 159377?
47, 3391
List the prime factors of 37109.
43, 863
What are the prime factors of 11908?
2, 13, 229
List the prime factors of 8447.
8447
What are the prime factors of 387?
3, 43
List the prime factors of 55071.
3, 29, 211
List the prime factors of 1249.
1249
What are the prime factors of 89068?
2, 7, 3181
List the prime factors of 40858.
2, 31, 659
List the prime factors of 3071.
37, 83
List the prime factors of 24176.
2, 1511
What are the prime factors of 603?
3, 67
List the prime factors of 805.
5, 7, 23
What are the prime factors of 900?
2, 3, 5
What are the prime factors of 2689?
2689
What are the prime factors of 2933?
7, 419
List the prime factors of 2364.
2, 3, 197
List the prime factors of 26.
2, 13
What are the prime factors of 569?
569
List the prime factors of 1358.
2, 7, 97
List the prime factors of 751.
751
What are the prime factors of 3381?
3, 7, 23
List the prime factors of 182.
2, 7, 13
What are the prime factors of 1230?
2, 3, 5, 41
What are the prime factors of 13286?
2, 7, 13, 73
List the prime factors of 13135.
5, 37, 71
What are the prime factors of 51436?
2, 7, 11, 167
What are the prime factors of 66659?
191, 349
List the prime factors of 32247.
3, 3583
What are the prime factors of 487?
487
List the prime factors of 2176.
2, 17
List the prime factors of 31112.
2, 3889
List the prime factors of 1389.
3, 463
List the prime factors of 3661.
7, 523
What are the prime factors of 34858?
2, 29, 601
What are the prime factors of 4076?
2, 1019
List the prime factors of 4705.
5, 941
List the prime factors of 1838.
2, 919
List the prime factors of 1679.
23, 73
What are the prime factors of 42921?
3, 19, 251
What are the prime factors of 17317?
17317
List the prime factors of 3843.
3, 7, 61
List the prime factors of 2483.
13, 191
List the prime factors of 621.
3, 23
List the prime factors of 45206.
2, 7, 3229
List the prime factors of 1294.
2, 647
What are the prime factors of 1448?
2, 181
What are the prime factors of 128?
2
List the prime factors of 95.
5, 19
List the prime factors of 40205.
5, 11, 17, 43
What are the prime factors of 1330?
2, 5, 7, 19
List the prime factors of 3240.
2, 3, 5
What are the prime factors of 138973?
31, 4483
List the prime factors of 24395.
5, 7, 17, 41
What are the prime factors of 49334?
2, 17, 1451
List the prime factors of 33556.
2, 8389
List the prime factors of 1047.
3, 349
What are the prime factors of 208?
2, 13
List the prime factors of 47840.
2, 5, 13, 23
What are the prime factors of 19927?
19927
List the prime factors of 120044.
2, 30011
List the prime factors of 22236.
2, 3, 17, 109
List the prime factors of 12045.
3, 5, 11, 73
List the prime factors of 1561.
7, 223
List the prime factors of 52490.
2, 5, 29, 181
List the prime factors of 226.
2, 113
List the prime factors of 6487.
13, 499
List the prime factors of 3658.
2, 31, 59
What are the prime factors of 13629?
3, 7, 11, 59
What are the prime factors of 1008?
2, 3, 7
What are the prime factors of 54420?
2, 3, 5, 907
What are the prime factors of 2861?
2861
What are the prime factors of 29422?
2, 47, 313
What are the prime factors of 1348?
2, 337
What are the prime factors of 1650?
2, 3, 5, 11
What are the prime factors of 28056?
2, 3, 7, 167
List the prime factors of 3550.
2, 5, 71
What are the prime factors of 24680?
2, 5, 617
List the prime factors of 4510.
2, 5, 11, 41
List the prime factors of 915.
3, 5, 61
What are the prime factors of 72877?
7, 29, 359
List the prime factors of 38567.
38567
What are the prime factors of 31927?
7, 4561
List the prime factors of 7070.
2, 5, 7, 101
List the prime factors of 17871.
3, 7, 23, 37
What are the prime factors of 9090?
2, 3, 5, 101
What are the prime factors of 4928?
2, 7, 11
List the prime factors of 199205.
5, 39841
What are the prime factors of 4401?
3, 163
List the prime factors of 43298.
2, 21649
What are the prime factors of 18592?
2, 7, 83
What are the prime factors of 1231?
1231
What are the prime factors of 1761?
3, 587
List the prime factors of 1513.
17, 89
List the prime factors of 14389.
14389
What are the prime factors of 2883?
3, 31
What are the prime factors of 79350?
2, 3, 5, 23
What are the prime factors of 145?
5, 29
What are the prime factors of 135?
3, 5
List the prime factors of 5459.
53, 103
List the prime factors of 8283.
3, 11, 251
What are the prime factors of 451?
11, 41
List the prime factors of 632.
2, 79
List the prime factors of 7865.
5, 11, 13
List the prime factors of 48773.
17, 19, 151
List the prime factors of 1815.
3, 5, 11
List the prime factors of 9832.
2, 1229
What are the prime factors of 31?
31
What are the prime factors of 1411?
17, 83
List the prime factors of 56828.
2, 14207
What are the prime factors of 24615?
3, 5, 547
What are the prime factors of 1687?
7, 241
List the prime factors of 7011.
3, 19, 41
List the prime factors of 21832.
2, 2729
What are the prime factors of 121?
11
What are the prime factors of 4516?
2, 1129
What are the prime factors of 313?
313
What are the prime factors of 1946?
2, 7, 139
What are the prime factors of 6801?
3, 2267
What are the prime factors of 14189?
7, 2027
List the prime factors of 5794.
2, 2897
List the prime factors of 765.
3, 5, 17
List the prime factors of 682.
2, 11, 31
What are the prime factors of 7155?
3, 5, 53
List the prime factors of 6928.
2, 433
What are the prime factors of 788?
2, 197
What are the prime factors of 5294?
2, 2647
List the prime factors of 5636.
2, 1409
List the prime factors of 4510.
2, 5, 11, 41
What are the prime factors of 44097?
3, 14699
List the prime factors of 7689.
3, 11, 233
List the prime factors of 2159.
17, 127
List the prime factors of 10481.
47, 223
What are the prime factors of 17547?
3, 5849
List the prime factors of 2579.
2579
What are the prime factors of 6018?
2, 3, 17, 59
What are the prime factors of 2562?
